{"id":690,"date":"2023-08-15T01:22:57","date_gmt":"2023-08-14T23:22:57","guid":{"rendered":"https:\/\/immobilierami.com\/?page_id=690"},"modified":"2023-10-02T00:17:06","modified_gmt":"2023-10-01T22:17:06","slug":"villa-location-a-hay-riyad-300-metres","status":"publish","type":"page","link":"https:\/\/immobilierami.com\/index.php\/villa-location-a-hay-riyad-300-metres\/","title":{"rendered":"villa-location a hay riyad 300 m\u00e8tres"},"content":{"rendered":"\t\t<div data-elementor-type=\"wp-page\" data-elementor-id=\"690\" class=\"elementor elementor-690\">\n\t\t\t\t\t\t<section class=\"elementor-section elementor-top-section elementor-element elementor-element-748a7bd elementor-section-boxed elementor-section-height-default elementor-section-height-default\" data-id=\"748a7bd\" data-element_type=\"section\">\n\t\t\t\t\t\t<div class=\"elementor-container elementor-column-gap-default\">\n\t\t\t\t\t<div class=\"elementor-column elementor-col-25 elementor-top-column elementor-element elementor-element-b8efab2\" data-id=\"b8efab2\" data-element_type=\"column\">\n\t\t\t<div class=\"elementor-widget-wrap elementor-element-populated\">\n\t\t\t\t\t\t<div class=\"elementor-element elementor-element-3219c57 elementor-widget elementor-widget-image\" data-id=\"3219c57\" data-element_type=\"widget\" data-widget_type=\"image.default\">\n\t\t\t\t<div class=\"elementor-widget-container\">\n\t\t\t\t\t\t\t\t\t\t\t\t\t\t\t<img fetchpriority=\"high\" decoding=\"async\" width=\"1024\" height=\"768\" src=\"https:\/\/immobilierami.com\/wp-content\/uploads\/2023\/08\/WhatsApp-Image-2023-08-14-at-22.03.20-1024x768.jpeg\" class=\"attachment-large size-large wp-image-699\" alt=\"\" srcset=\"https:\/\/immobilierami.com\/wp-content\/uploads\/2023\/08\/WhatsApp-Image-2023-08-14-at-22.03.20-1024x768.jpeg 1024w, https:\/\/immobilierami.com\/wp-content\/uploads\/2023\/08\/WhatsApp-Image-2023-08-14-at-22.03.20-300x225.jpeg 300w, https:\/\/immobilierami.com\/wp-content\/uploads\/2023\/08\/WhatsApp-Image-2023-08-14-at-22.03.20-768x576.jpeg 768w, https:\/\/immobilierami.com\/wp-content\/uploads\/2023\/08\/WhatsApp-Image-2023-08-14-at-22.03.20.jpeg 1280w\" sizes=\"(max-width: 1024px) 100vw, 1024px\" \/>\t\t\t\t\t\t\t\t\t\t\t\t\t\t\t<\/div>\n\t\t\t\t<\/div>\n\t\t\t\t\t<\/div>\n\t\t<\/div>\n\t\t\t\t<div class=\"elementor-column elementor-col-25 elementor-top-column elementor-element elementor-element-6a874cf\" data-id=\"6a874cf\" data-element_type=\"column\">\n\t\t\t<div class=\"elementor-widget-wrap elementor-element-populated\">\n\t\t\t\t\t\t<div class=\"elementor-element elementor-element-688b6f8 elementor-widget elementor-widget-image\" data-id=\"688b6f8\" data-element_type=\"widget\" data-widget_type=\"image.default\">\n\t\t\t\t<div class=\"elementor-widget-container\">\n\t\t\t\t\t\t\t\t\t\t\t\t\t\t\t<img decoding=\"async\" width=\"1024\" height=\"768\" src=\"https:\/\/immobilierami.com\/wp-content\/uploads\/2023\/08\/WhatsApp-Image-2023-08-14-at-22.03.19-1-1024x768.jpeg\" class=\"attachment-large size-large wp-image-694\" alt=\"\" srcset=\"https:\/\/immobilierami.com\/wp-content\/uploads\/2023\/08\/WhatsApp-Image-2023-08-14-at-22.03.19-1-1024x768.jpeg 1024w, https:\/\/immobilierami.com\/wp-content\/uploads\/2023\/08\/WhatsApp-Image-2023-08-14-at-22.03.19-1-300x225.jpeg 300w, https:\/\/immobilierami.com\/wp-content\/uploads\/2023\/08\/WhatsApp-Image-2023-08-14-at-22.03.19-1-768x576.jpeg 768w, https:\/\/immobilierami.com\/wp-content\/uploads\/2023\/08\/WhatsApp-Image-2023-08-14-at-22.03.19-1.jpeg 1280w\" sizes=\"(max-width: 1024px) 100vw, 1024px\" \/>\t\t\t\t\t\t\t\t\t\t\t\t\t\t\t<\/div>\n\t\t\t\t<\/div>\n\t\t\t\t\t<\/div>\n\t\t<\/div>\n\t\t\t\t<div class=\"elementor-column elementor-col-25 elementor-top-column elementor-element elementor-element-2f80051\" data-id=\"2f80051\" data-element_type=\"column\">\n\t\t\t<div class=\"elementor-widget-wrap elementor-element-populated\">\n\t\t\t\t\t\t<div class=\"elementor-element elementor-element-a689ae4 elementor-widget elementor-widget-image\" data-id=\"a689ae4\" data-element_type=\"widget\" data-widget_type=\"image.default\">\n\t\t\t\t<div class=\"elementor-widget-container\">\n\t\t\t\t\t\t\t\t\t\t\t\t\t\t\t<img decoding=\"async\" width=\"1024\" height=\"768\" src=\"https:\/\/immobilierami.com\/wp-content\/uploads\/2023\/08\/WhatsApp-Image-2023-08-14-at-22.03.19-3-1024x768.jpeg\" class=\"attachment-large size-large wp-image-696\" alt=\"\" srcset=\"https:\/\/immobilierami.com\/wp-content\/uploads\/2023\/08\/WhatsApp-Image-2023-08-14-at-22.03.19-3-1024x768.jpeg 1024w, https:\/\/immobilierami.com\/wp-content\/uploads\/2023\/08\/WhatsApp-Image-2023-08-14-at-22.03.19-3-300x225.jpeg 300w, https:\/\/immobilierami.com\/wp-content\/uploads\/2023\/08\/WhatsApp-Image-2023-08-14-at-22.03.19-3-768x576.jpeg 768w, https:\/\/immobilierami.com\/wp-content\/uploads\/2023\/08\/WhatsApp-Image-2023-08-14-at-22.03.19-3.jpeg 1280w\" sizes=\"(max-width: 1024px) 100vw, 1024px\" \/>\t\t\t\t\t\t\t\t\t\t\t\t\t\t\t<\/div>\n\t\t\t\t<\/div>\n\t\t\t\t\t<\/div>\n\t\t<\/div>\n\t\t\t\t<div class=\"elementor-column elementor-col-25 elementor-top-column elementor-element elementor-element-48b87c7\" data-id=\"48b87c7\" data-element_type=\"column\">\n\t\t\t<div class=\"elementor-widget-wrap elementor-element-populated\">\n\t\t\t\t\t\t<div class=\"elementor-element elementor-element-31c8f17 elementor-widget elementor-widget-image\" data-id=\"31c8f17\" data-element_type=\"widget\" data-widget_type=\"image.default\">\n\t\t\t\t<div class=\"elementor-widget-container\">\n\t\t\t\t\t\t\t\t\t\t\t\t\t\t\t<img loading=\"lazy\" decoding=\"async\" width=\"300\" height=\"225\" src=\"https:\/\/immobilierami.com\/wp-content\/uploads\/2023\/08\/WhatsApp-Image-2023-08-14-at-22.03.19-2-300x225.jpeg\" class=\"attachment-medium size-medium wp-image-695\" alt=\"\" srcset=\"https:\/\/immobilierami.com\/wp-content\/uploads\/2023\/08\/WhatsApp-Image-2023-08-14-at-22.03.19-2-300x225.jpeg 300w, https:\/\/immobilierami.com\/wp-content\/uploads\/2023\/08\/WhatsApp-Image-2023-08-14-at-22.03.19-2-1024x768.jpeg 1024w, https:\/\/immobilierami.com\/wp-content\/uploads\/2023\/08\/WhatsApp-Image-2023-08-14-at-22.03.19-2-768x576.jpeg 768w, https:\/\/immobilierami.com\/wp-content\/uploads\/2023\/08\/WhatsApp-Image-2023-08-14-at-22.03.19-2.jpeg 1280w\" sizes=\"(max-width: 300px) 100vw, 300px\" \/>\t\t\t\t\t\t\t\t\t\t\t\t\t\t\t<\/div>\n\t\t\t\t<\/div>\n\t\t\t\t\t<\/div>\n\t\t<\/div>\n\t\t\t\t\t<\/div>\n\t\t<\/section>\n\t\t\t\t<section class=\"elementor-section elementor-top-section elementor-element elementor-element-4626b6d elementor-section-boxed elementor-section-height-default elementor-section-height-default\" data-id=\"4626b6d\" data-element_type=\"section\">\n\t\t\t\t\t\t<div class=\"elementor-container elementor-column-gap-default\">\n\t\t\t\t\t<div class=\"elementor-column elementor-col-25 elementor-top-column elementor-element elementor-element-68e7a9c\" data-id=\"68e7a9c\" data-element_type=\"column\">\n\t\t\t<div class=\"elementor-widget-wrap elementor-element-populated\">\n\t\t\t\t\t\t<div class=\"elementor-element elementor-element-5c700e1 elementor-widget elementor-widget-image\" data-id=\"5c700e1\" data-element_type=\"widget\" data-widget_type=\"image.default\">\n\t\t\t\t<div class=\"elementor-widget-container\">\n\t\t\t\t\t\t\t\t\t\t\t\t\t\t\t<img loading=\"lazy\" decoding=\"async\" width=\"1024\" height=\"768\" src=\"https:\/\/immobilierami.com\/wp-content\/uploads\/2023\/08\/WhatsApp-Image-2023-08-14-at-22.03.22-1024x768.jpeg\" class=\"attachment-large size-large wp-image-697\" alt=\"\" srcset=\"https:\/\/immobilierami.com\/wp-content\/uploads\/2023\/08\/WhatsApp-Image-2023-08-14-at-22.03.22-1024x768.jpeg 1024w, https:\/\/immobilierami.com\/wp-content\/uploads\/2023\/08\/WhatsApp-Image-2023-08-14-at-22.03.22-300x225.jpeg 300w, https:\/\/immobilierami.com\/wp-content\/uploads\/2023\/08\/WhatsApp-Image-2023-08-14-at-22.03.22-768x576.jpeg 768w, https:\/\/immobilierami.com\/wp-content\/uploads\/2023\/08\/WhatsApp-Image-2023-08-14-at-22.03.22.jpeg 1280w\" sizes=\"(max-width: 1024px) 100vw, 1024px\" \/>\t\t\t\t\t\t\t\t\t\t\t\t\t\t\t<\/div>\n\t\t\t\t<\/div>\n\t\t\t\t\t<\/div>\n\t\t<\/div>\n\t\t\t\t<div class=\"elementor-column elementor-col-25 elementor-top-column elementor-element elementor-element-8c619cd\" data-id=\"8c619cd\" data-element_type=\"column\">\n\t\t\t<div class=\"elementor-widget-wrap elementor-element-populated\">\n\t\t\t\t\t\t<div class=\"elementor-element elementor-element-4cfc437 elementor-widget elementor-widget-image\" data-id=\"4cfc437\" data-element_type=\"widget\" data-widget_type=\"image.default\">\n\t\t\t\t<div class=\"elementor-widget-container\">\n\t\t\t\t\t\t\t\t\t\t\t\t\t\t\t<img loading=\"lazy\" decoding=\"async\" width=\"225\" height=\"300\" src=\"https:\/\/immobilierami.com\/wp-content\/uploads\/2023\/08\/WhatsApp-Image-2023-08-14-at-22.03.18-1-225x300.jpeg\" class=\"attachment-medium size-medium wp-image-692\" alt=\"\" srcset=\"https:\/\/immobilierami.com\/wp-content\/uploads\/2023\/08\/WhatsApp-Image-2023-08-14-at-22.03.18-1-225x300.jpeg 225w, https:\/\/immobilierami.com\/wp-content\/uploads\/2023\/08\/WhatsApp-Image-2023-08-14-at-22.03.18-1-768x1024.jpeg 768w, https:\/\/immobilierami.com\/wp-content\/uploads\/2023\/08\/WhatsApp-Image-2023-08-14-at-22.03.18-1.jpeg 960w\" sizes=\"(max-width: 225px) 100vw, 225px\" \/>\t\t\t\t\t\t\t\t\t\t\t\t\t\t\t<\/div>\n\t\t\t\t<\/div>\n\t\t\t\t\t<\/div>\n\t\t<\/div>\n\t\t\t\t<div class=\"elementor-column elementor-col-25 elementor-top-column elementor-element elementor-element-96df6ba\" data-id=\"96df6ba\" data-element_type=\"column\">\n\t\t\t<div class=\"elementor-widget-wrap elementor-element-populated\">\n\t\t\t\t\t\t<div class=\"elementor-element elementor-element-d7f8c7c elementor-widget elementor-widget-image\" data-id=\"d7f8c7c\" data-element_type=\"widget\" data-widget_type=\"image.default\">\n\t\t\t\t<div class=\"elementor-widget-container\">\n\t\t\t\t\t\t\t\t\t\t\t\t\t\t\t<img loading=\"lazy\" decoding=\"async\" width=\"225\" height=\"300\" src=\"https:\/\/immobilierami.com\/wp-content\/uploads\/2023\/08\/WhatsApp-Image-2023-08-14-at-22.03.17-1-225x300.jpeg\" class=\"attachment-medium size-medium wp-image-686\" alt=\"\" srcset=\"https:\/\/immobilierami.com\/wp-content\/uploads\/2023\/08\/WhatsApp-Image-2023-08-14-at-22.03.17-1-225x300.jpeg 225w, https:\/\/immobilierami.com\/wp-content\/uploads\/2023\/08\/WhatsApp-Image-2023-08-14-at-22.03.17-1-768x1024.jpeg 768w, https:\/\/immobilierami.com\/wp-content\/uploads\/2023\/08\/WhatsApp-Image-2023-08-14-at-22.03.17-1.jpeg 960w\" sizes=\"(max-width: 225px) 100vw, 225px\" \/>\t\t\t\t\t\t\t\t\t\t\t\t\t\t\t<\/div>\n\t\t\t\t<\/div>\n\t\t\t\t\t<\/div>\n\t\t<\/div>\n\t\t\t\t<div class=\"elementor-column elementor-col-25 elementor-top-column elementor-element elementor-element-31ff2e1\" data-id=\"31ff2e1\" data-element_type=\"column\">\n\t\t\t<div class=\"elementor-widget-wrap elementor-element-populated\">\n\t\t\t\t\t\t<div class=\"elementor-element elementor-element-9616570 elementor-widget elementor-widget-image\" data-id=\"9616570\" data-element_type=\"widget\" data-widget_type=\"image.default\">\n\t\t\t\t<div class=\"elementor-widget-container\">\n\t\t\t\t\t\t\t\t\t\t\t\t\t\t\t<img loading=\"lazy\" decoding=\"async\" width=\"225\" height=\"300\" src=\"https:\/\/immobilierami.com\/wp-content\/uploads\/2023\/08\/WhatsApp-Image-2023-08-14-at-22.03.18-225x300.jpeg\" class=\"attachment-medium size-medium wp-image-693\" alt=\"\" srcset=\"https:\/\/immobilierami.com\/wp-content\/uploads\/2023\/08\/WhatsApp-Image-2023-08-14-at-22.03.18-225x300.jpeg 225w, https:\/\/immobilierami.com\/wp-content\/uploads\/2023\/08\/WhatsApp-Image-2023-08-14-at-22.03.18-768x1024.jpeg 768w, https:\/\/immobilierami.com\/wp-content\/uploads\/2023\/08\/WhatsApp-Image-2023-08-14-at-22.03.18.jpeg 960w\" sizes=\"(max-width: 225px) 100vw, 225px\" \/>\t\t\t\t\t\t\t\t\t\t\t\t\t\t\t<\/div>\n\t\t\t\t<\/div>\n\t\t\t\t\t<\/div>\n\t\t<\/div>\n\t\t\t\t\t<\/div>\n\t\t<\/section>\n\t\t\t\t<section class=\"elementor-section elementor-top-section elementor-element elementor-element-5dbaf99 elementor-section-boxed elementor-section-height-default elementor-section-height-default\" data-id=\"5dbaf99\" data-element_type=\"section\">\n\t\t\t\t\t\t<div class=\"elementor-container elementor-column-gap-default\">\n\t\t\t\t\t<div class=\"elementor-column elementor-col-100 elementor-top-column elementor-element elementor-element-96b5519\" data-id=\"96b5519\" data-element_type=\"column\">\n\t\t\t<div class=\"elementor-widget-wrap elementor-element-populated\">\n\t\t\t\t\t\t<div class=\"elementor-element elementor-element-29f7d2b elementor-widget elementor-widget-spacer\" data-id=\"29f7d2b\" data-element_type=\"widget\" data-widget_type=\"spacer.default\">\n\t\t\t\t<div class=\"elementor-widget-container\">\n\t\t\t\t\t\t\t<div class=\"elementor-spacer\">\n\t\t\t<div class=\"elementor-spacer-inner\"><\/div>\n\t\t<\/div>\n\t\t\t\t\t\t<\/div>\n\t\t\t\t<\/div>\n\t\t\t\t\t<\/div>\n\t\t<\/div>\n\t\t\t\t\t<\/div>\n\t\t<\/section>\n\t\t\t\t<section class=\"elementor-section elementor-top-section elementor-element elementor-element-d7db0a4 elementor-section-boxed elementor-section-height-default elementor-section-height-default\" data-id=\"d7db0a4\" data-element_type=\"section\">\n\t\t\t\t\t\t<div class=\"elementor-container elementor-column-gap-default\">\n\t\t\t\t\t<div class=\"elementor-column elementor-col-50 elementor-top-column elementor-element elementor-element-d1227b2\" data-id=\"d1227b2\" data-element_type=\"column\">\n\t\t\t<div class=\"elementor-widget-wrap elementor-element-populated\">\n\t\t\t\t\t\t<div class=\"elementor-element elementor-element-f1ecc0c elementor-widget elementor-widget-image\" data-id=\"f1ecc0c\" data-element_type=\"widget\" data-widget_type=\"image.default\">\n\t\t\t\t<div class=\"elementor-widget-container\">\n\t\t\t\t\t\t\t\t\t\t\t\t\t\t\t<img loading=\"lazy\" decoding=\"async\" width=\"640\" height=\"480\" src=\"https:\/\/immobilierami.com\/wp-content\/uploads\/2023\/08\/WhatsApp-Image-2023-08-15-at-00.09.23.jpeg\" class=\"attachment-large size-large wp-image-715\" alt=\"\" srcset=\"https:\/\/immobilierami.com\/wp-content\/uploads\/2023\/08\/WhatsApp-Image-2023-08-15-at-00.09.23.jpeg 640w, https:\/\/immobilierami.com\/wp-content\/uploads\/2023\/08\/WhatsApp-Image-2023-08-15-at-00.09.23-300x225.jpeg 300w\" sizes=\"(max-width: 640px) 100vw, 640px\" \/>\t\t\t\t\t\t\t\t\t\t\t\t\t\t\t<\/div>\n\t\t\t\t<\/div>\n\t\t\t\t\t<\/div>\n\t\t<\/div>\n\t\t\t\t<div class=\"elementor-column elementor-col-50 elementor-top-column elementor-element elementor-element-ccc74f9\" data-id=\"ccc74f9\" data-element_type=\"column\">\n\t\t\t<div class=\"elementor-widget-wrap elementor-element-populated\">\n\t\t\t\t\t\t<div class=\"elementor-element elementor-element-c4a17e3 elementor-widget elementor-widget-image\" data-id=\"c4a17e3\" data-element_type=\"widget\" data-widget_type=\"image.default\">\n\t\t\t\t<div class=\"elementor-widget-container\">\n\t\t\t\t\t\t\t\t\t\t\t\t\t\t\t<img loading=\"lazy\" decoding=\"async\" width=\"768\" height=\"576\" src=\"https:\/\/immobilierami.com\/wp-content\/uploads\/2023\/08\/WhatsApp-Image-2023-08-14-at-22.03.17-768x576.jpeg\" class=\"attachment-medium_large size-medium_large wp-image-687\" alt=\"\" srcset=\"https:\/\/immobilierami.com\/wp-content\/uploads\/2023\/08\/WhatsApp-Image-2023-08-14-at-22.03.17-768x576.jpeg 768w, https:\/\/immobilierami.com\/wp-content\/uploads\/2023\/08\/WhatsApp-Image-2023-08-14-at-22.03.17-300x225.jpeg 300w, https:\/\/immobilierami.com\/wp-content\/uploads\/2023\/08\/WhatsApp-Image-2023-08-14-at-22.03.17-1024x768.jpeg 1024w, https:\/\/immobilierami.com\/wp-content\/uploads\/2023\/08\/WhatsApp-Image-2023-08-14-at-22.03.17.jpeg 1280w\" sizes=\"(max-width: 768px) 100vw, 768px\" \/>\t\t\t\t\t\t\t\t\t\t\t\t\t\t\t<\/div>\n\t\t\t\t<\/div>\n\t\t\t\t\t<\/div>\n\t\t<\/div>\n\t\t\t\t\t<\/div>\n\t\t<\/section>\n\t\t\t\t<section class=\"elementor-section elementor-top-section elementor-element elementor-element-72d4990 elementor-section-boxed elementor-section-height-default elementor-section-height-default\" data-id=\"72d4990\" data-element_type=\"section\">\n\t\t\t\t\t\t<div class=\"elementor-container elementor-column-gap-default\">\n\t\t\t\t\t<div class=\"elementor-column elementor-col-100 elementor-top-column elementor-element elementor-element-c8c3e92\" data-id=\"c8c3e92\" data-element_type=\"column\">\n\t\t\t<div class=\"elementor-widget-wrap elementor-element-populated\">\n\t\t\t\t\t\t<div class=\"elementor-element elementor-element-a54efbd elementor-widget elementor-widget-heading\" data-id=\"a54efbd\" data-element_type=\"widget\" data-widget_type=\"heading.default\">\n\t\t\t\t<div class=\"elementor-widget-container\">\n\t\t\t\t\t<h3 class=\"elementor-heading-title elementor-size-default\">Description<\/h3>\t\t\t\t<\/div>\n\t\t\t\t<\/div>\n\t\t\t\t<div class=\"elementor-element elementor-element-9ae0e60 elementor-widget elementor-widget-text-editor\" data-id=\"9ae0e60\" data-element_type=\"widget\" data-widget_type=\"text-editor.default\">\n\t\t\t\t<div class=\"elementor-widget-container\">\n\t\t\t\t\t\t\t\t\t<p>A VENDRE-Villa\u00a0 \u00e0 Hay Riad. Bien situ\u00e9e , bien entretenue et pr\u00e9s de toute commodit\u00e9s(Marjane , Carrefour\u00a0 mahaj riyad). Quartier calme,\u00a0 et bon voisinage en 3 niveaux.<\/p>\t\t\t\t\t\t\t\t<\/div>\n\t\t\t\t<\/div>\n\t\t\t\t\t<\/div>\n\t\t<\/div>\n\t\t\t\t\t<\/div>\n\t\t<\/section>\n\t\t\t\t<section class=\"elementor-section elementor-top-section elementor-element elementor-element-91a6a24 elementor-section-boxed elementor-section-height-default elementor-section-height-default\" data-id=\"91a6a24\" data-element_type=\"section\">\n\t\t\t\t\t\t<div class=\"elementor-container elementor-column-gap-default\">\n\t\t\t\t\t<div class=\"elementor-column elementor-col-100 elementor-top-column elementor-element elementor-element-07bb4e8\" data-id=\"07bb4e8\" data-element_type=\"column\">\n\t\t\t<div class=\"elementor-widget-wrap elementor-element-populated\">\n\t\t\t\t\t\t\t<\/div>\n\t\t<\/div>\n\t\t\t\t\t<\/div>\n\t\t<\/section>\n\t\t\t\t<section class=\"elementor-section elementor-top-section elementor-element elementor-element-31a6263 elementor-section-boxed elementor-section-height-default elementor-section-height-default\" data-id=\"31a6263\" data-element_type=\"section\">\n\t\t\t\t\t\t<div class=\"elementor-container elementor-column-gap-default\">\n\t\t\t\t\t<div class=\"elementor-column elementor-col-100 elementor-top-column elementor-element elementor-element-7337b01\" data-id=\"7337b01\" data-element_type=\"column\">\n\t\t\t<div class=\"elementor-widget-wrap elementor-element-populated\">\n\t\t\t\t\t\t<div class=\"elementor-element elementor-element-bcddc99 elementor-widget elementor-widget-text-editor\" data-id=\"bcddc99\" data-element_type=\"widget\" data-widget_type=\"text-editor.default\">\n\t\t\t\t<div class=\"elementor-widget-container\">\n\t\t\t\t\t\t\t\t\t<div class=\"sc-mnh93t-2 eUedZU\"><span class=\"sc-1x0vz2r-0 kFXDVa\">Garage<\/span><\/div><div class=\"sc-mnh93t-2 eUedZU\"><div class=\"sc-wdregf-0 dOwmpE\">\u00a0<\/div><span class=\"sc-1x0vz2r-0 kFXDVa\">Jardin<\/span><\/div><div class=\"sc-mnh93t-2 eUedZU\"><div class=\"sc-wdregf-0 dOwmpE\">\u00a0<\/div><span class=\"sc-1x0vz2r-0 kFXDVa\">Climatisation<\/span><\/div><div class=\"sc-mnh93t-2 eUedZU\"><div class=\"sc-wdregf-0 dOwmpE\">\u00a0<\/div><span class=\"sc-1x0vz2r-0 kFXDVa\">Cuisine \u00c9quip\u00e9e<\/span><\/div><div class=\"sc-mnh93t-2 eUedZU\"><div class=\"sc-wdregf-0 dOwmpE\">\u00a0<\/div><span class=\"sc-1x0vz2r-0 kFXDVa\">S\u00e9curit\u00e9<\/span><\/div><div class=\"sc-mnh93t-2 eUedZU\"><div class=\"sc-wdregf-0 dOwmpE\">\u00a0<\/div><span class=\"sc-1x0vz2r-0 kFXDVa\">Balcon<\/span><\/div>\t\t\t\t\t\t\t\t<\/div>\n\t\t\t\t<\/div>\n\t\t\t\t<div class=\"elementor-element elementor-element-6710f9f elementor-align-center elementor-widget elementor-widget-button\" data-id=\"6710f9f\" data-element_type=\"widget\" data-widget_type=\"button.default\">\n\t\t\t\t<div class=\"elementor-widget-container\">\n\t\t\t\t\t\t\t\t\t<div class=\"elementor-button-wrapper\">\n\t\t\t\t\t<a class=\"elementor-button elementor-button-link elementor-size-sm\" href=\"https:\/\/immobilierami.com\/index.php\/agence-immobiliere\/\">\n\t\t\t\t\t\t<span class=\"elementor-button-content-wrapper\">\n\t\t\t\t\t\t\t\t\t<span class=\"elementor-button-text\">\u0625\u062a\u0635\u0644 \u0627\u0644\u0622\u0646<\/span>\n\t\t\t\t\t<\/span>\n\t\t\t\t\t<\/a>\n\t\t\t\t<\/div>\n\t\t\t\t\t\t\t\t<\/div>\n\t\t\t\t<\/div>\n\t\t\t\t\t<\/div>\n\t\t<\/div>\n\t\t\t\t\t<\/div>\n\t\t<\/section>\n\t\t\t\t<\/div>\n\t\t","protected":false},"excerpt":{"rendered":"<p>Description A VENDRE-Villa\u00a0 \u00e0 Hay Riad. Bien situ\u00e9e , bien entretenue et pr\u00e9s de toute commodit\u00e9s(Marjane , Carrefour\u00a0 mahaj riyad). [&hellip;]<\/p>\n","protected":false},"author":1,"featured_media":0,"parent":0,"menu_order":0,"comment_status":"closed","ping_status":"closed","template":"","meta":{"site-sidebar-layout":"no-sidebar","site-content-layout":"page-builder","ast-site-content-layout":"","site-content-style":"default","site-sidebar-style":"default","ast-global-header-display":"","ast-banner-title-visibility":"","ast-main-header-display":"","ast-hfb-above-header-display":"","ast-hfb-below-header-display":"","ast-hfb-mobile-header-display":"","site-post-title":"disabled","ast-breadcrumbs-content":"","ast-featured-img":"disabled","footer-sml-layout":"","theme-transparent-header-meta":"","adv-header-id-meta":"","stick-header-meta":"","header-above-stick-meta":"","header-main-stick-meta":"","header-below-stick-meta":"","astra-migrate-meta-layouts":"default","ast-page-background-enabled":"default","ast-page-background-meta":{"desktop":{"background-color":"","background-image":"","background-repeat":"repeat","background-position":"center center","background-size":"auto","background-attachment":"scroll","background-type":"","background-media":"","overlay-type":"","overlay-color":"","overlay-gradient":""},"tablet":{"background-color":"","background-image":"","background-repeat":"repeat","background-position":"center center","background-size":"auto","background-attachment":"scroll","background-type":"","background-media":"","overlay-type":"","overlay-color":"","overlay-gradient":""},"mobile":{"background-color":"","background-image":"","background-repeat":"repeat","background-position":"center center","background-size":"auto","background-attachment":"scroll","background-type":"","background-media":"","overlay-type":"","overlay-color":"","overlay-gradient":""}},"ast-content-background-meta":{"desktop":{"background-color":"var(--ast-global-color-5)","background-image":"","background-repeat":"repeat","background-position":"center center","background-size":"auto","background-attachment":"scroll","background-type":"","background-media":"","overlay-type":"","overlay-color":"","overlay-gradient":""},"tablet":{"background-color":"var(--ast-global-color-5)","background-image":"","background-repeat":"repeat","background-position":"center center","background-size":"auto","background-attachment":"scroll","background-type":"","background-media":"","overlay-type":"","overlay-color":"","overlay-gradient":""},"mobile":{"background-color":"var(--ast-global-color-5)","background-image":"","background-repeat":"repeat","background-position":"center center","background-size":"auto","background-attachment":"scroll","background-type":"","background-media":"","overlay-type":"","overlay-color":"","overlay-gradient":""}},"_joinchat":[],"footnotes":""},"class_list":["post-690","page","type-page","status-publish","hentry"],"_links":{"self":[{"href":"https:\/\/immobilierami.com\/index.php\/wp-json\/wp\/v2\/pages\/690","targetHints":{"allow":["GET"]}}],"collection":[{"href":"https:\/\/immobilierami.com\/index.php\/wp-json\/wp\/v2\/pages"}],"about":[{"href":"https:\/\/immobilierami.com\/index.php\/wp-json\/wp\/v2\/types\/page"}],"author":[{"embeddable":true,"href":"https:\/\/immobilierami.com\/index.php\/wp-json\/wp\/v2\/users\/1"}],"replies":[{"embeddable":true,"href":"https:\/\/immobilierami.com\/index.php\/wp-json\/wp\/v2\/comments?post=690"}],"version-history":[{"count":31,"href":"https:\/\/immobilierami.com\/index.php\/wp-json\/wp\/v2\/pages\/690\/revisions"}],"predecessor-version":[{"id":1713,"href":"https:\/\/immobilierami.com\/index.php\/wp-json\/wp\/v2\/pages\/690\/revisions\/1713"}],"wp:attachment":[{"href":"https:\/\/immobilierami.com\/index.php\/wp-json\/wp\/v2\/media?parent=690"}],"curies":[{"name":"wp","href":"https:\/\/api.w.org\/{rel}","templated":true}]}}