{"id":2225,"date":"2024-01-11T16:52:37","date_gmt":"2024-01-11T15:52:37","guid":{"rendered":"https:\/\/immobilierami.com\/?page_id=2225"},"modified":"2024-01-11T17:05:17","modified_gmt":"2024-01-11T16:05:17","slug":"temara-maison","status":"publish","type":"page","link":"https:\/\/immobilierami.com\/index.php\/temara-maison\/","title":{"rendered":"temara maison"},"content":{"rendered":"\t\t<div data-elementor-type=\"wp-page\" data-elementor-id=\"2225\" class=\"elementor elementor-2225\">\n\t\t\t\t\t\t<section class=\"elementor-section elementor-top-section elementor-element elementor-element-58e45a8 elementor-section-boxed elementor-section-height-default elementor-section-height-default\" data-id=\"58e45a8\" data-element_type=\"section\">\n\t\t\t\t\t\t<div class=\"elementor-container elementor-column-gap-default\">\n\t\t\t\t\t<div class=\"elementor-column elementor-col-33 elementor-top-column elementor-element elementor-element-cdf48d0\" data-id=\"cdf48d0\" data-element_type=\"column\">\n\t\t\t<div class=\"elementor-widget-wrap elementor-element-populated\">\n\t\t\t\t\t\t<div class=\"elementor-element elementor-element-785d201 elementor-widget elementor-widget-image\" data-id=\"785d201\" data-element_type=\"widget\" data-widget_type=\"image.default\">\n\t\t\t\t<div class=\"elementor-widget-container\">\n\t\t\t\t\t\t\t\t\t\t\t\t\t\t\t<img fetchpriority=\"high\" decoding=\"async\" width=\"1024\" height=\"768\" src=\"https:\/\/immobilierami.com\/wp-content\/uploads\/2024\/01\/WhatsApp-Image-2024-01-06-at-10.47.23-2-1024x768.jpeg\" class=\"attachment-large size-large wp-image-2226\" alt=\"appartement a temara centre\" srcset=\"https:\/\/immobilierami.com\/wp-content\/uploads\/2024\/01\/WhatsApp-Image-2024-01-06-at-10.47.23-2-1024x768.jpeg 1024w, https:\/\/immobilierami.com\/wp-content\/uploads\/2024\/01\/WhatsApp-Image-2024-01-06-at-10.47.23-2-300x225.jpeg 300w, https:\/\/immobilierami.com\/wp-content\/uploads\/2024\/01\/WhatsApp-Image-2024-01-06-at-10.47.23-2-768x576.jpeg 768w, https:\/\/immobilierami.com\/wp-content\/uploads\/2024\/01\/WhatsApp-Image-2024-01-06-at-10.47.23-2-1536x1152.jpeg 1536w, https:\/\/immobilierami.com\/wp-content\/uploads\/2024\/01\/WhatsApp-Image-2024-01-06-at-10.47.23-2.jpeg 1600w\" sizes=\"(max-width: 1024px) 100vw, 1024px\" \/>\t\t\t\t\t\t\t\t\t\t\t\t\t\t\t<\/div>\n\t\t\t\t<\/div>\n\t\t\t\t\t<\/div>\n\t\t<\/div>\n\t\t\t\t<div class=\"elementor-column elementor-col-33 elementor-top-column elementor-element elementor-element-3be0f9f\" data-id=\"3be0f9f\" data-element_type=\"column\">\n\t\t\t<div class=\"elementor-widget-wrap elementor-element-populated\">\n\t\t\t\t\t\t<div class=\"elementor-element elementor-element-162631d elementor-widget elementor-widget-image\" data-id=\"162631d\" data-element_type=\"widget\" data-widget_type=\"image.default\">\n\t\t\t\t<div class=\"elementor-widget-container\">\n\t\t\t\t\t\t\t\t\t\t\t\t\t\t\t<img decoding=\"async\" width=\"1024\" height=\"768\" src=\"https:\/\/immobilierami.com\/wp-content\/uploads\/2024\/01\/WhatsApp-Image-2024-01-06-at-10.47.22-1024x768.jpeg\" class=\"attachment-large size-large wp-image-2227\" alt=\"\" srcset=\"https:\/\/immobilierami.com\/wp-content\/uploads\/2024\/01\/WhatsApp-Image-2024-01-06-at-10.47.22-1024x768.jpeg 1024w, https:\/\/immobilierami.com\/wp-content\/uploads\/2024\/01\/WhatsApp-Image-2024-01-06-at-10.47.22-300x225.jpeg 300w, https:\/\/immobilierami.com\/wp-content\/uploads\/2024\/01\/WhatsApp-Image-2024-01-06-at-10.47.22-768x576.jpeg 768w, https:\/\/immobilierami.com\/wp-content\/uploads\/2024\/01\/WhatsApp-Image-2024-01-06-at-10.47.22-1536x1152.jpeg 1536w, https:\/\/immobilierami.com\/wp-content\/uploads\/2024\/01\/WhatsApp-Image-2024-01-06-at-10.47.22.jpeg 1600w\" sizes=\"(max-width: 1024px) 100vw, 1024px\" \/>\t\t\t\t\t\t\t\t\t\t\t\t\t\t\t<\/div>\n\t\t\t\t<\/div>\n\t\t\t\t\t<\/div>\n\t\t<\/div>\n\t\t\t\t<div class=\"elementor-column elementor-col-33 elementor-top-column elementor-element elementor-element-b491294\" data-id=\"b491294\" data-element_type=\"column\">\n\t\t\t<div class=\"elementor-widget-wrap elementor-element-populated\">\n\t\t\t\t\t\t<div class=\"elementor-element elementor-element-84bb33a elementor-widget elementor-widget-image\" data-id=\"84bb33a\" data-element_type=\"widget\" data-widget_type=\"image.default\">\n\t\t\t\t<div class=\"elementor-widget-container\">\n\t\t\t\t\t\t\t\t\t\t\t\t\t\t\t<img decoding=\"async\" width=\"1024\" height=\"768\" src=\"https:\/\/immobilierami.com\/wp-content\/uploads\/2024\/01\/WhatsApp-Image-2024-01-06-at-10.47.23-1-1024x768.jpeg\" class=\"attachment-large size-large wp-image-2228\" alt=\"\" srcset=\"https:\/\/immobilierami.com\/wp-content\/uploads\/2024\/01\/WhatsApp-Image-2024-01-06-at-10.47.23-1-1024x768.jpeg 1024w, https:\/\/immobilierami.com\/wp-content\/uploads\/2024\/01\/WhatsApp-Image-2024-01-06-at-10.47.23-1-300x225.jpeg 300w, https:\/\/immobilierami.com\/wp-content\/uploads\/2024\/01\/WhatsApp-Image-2024-01-06-at-10.47.23-1-768x576.jpeg 768w, https:\/\/immobilierami.com\/wp-content\/uploads\/2024\/01\/WhatsApp-Image-2024-01-06-at-10.47.23-1-1536x1152.jpeg 1536w, https:\/\/immobilierami.com\/wp-content\/uploads\/2024\/01\/WhatsApp-Image-2024-01-06-at-10.47.23-1.jpeg 1600w\" sizes=\"(max-width: 1024px) 100vw, 1024px\" \/>\t\t\t\t\t\t\t\t\t\t\t\t\t\t\t<\/div>\n\t\t\t\t<\/div>\n\t\t\t\t\t<\/div>\n\t\t<\/div>\n\t\t\t\t\t<\/div>\n\t\t<\/section>\n\t\t\t\t<section class=\"elementor-section elementor-top-section elementor-element elementor-element-5f1278f elementor-section-boxed elementor-section-height-default elementor-section-height-default\" data-id=\"5f1278f\" data-element_type=\"section\">\n\t\t\t\t\t\t<div class=\"elementor-container elementor-column-gap-default\">\n\t\t\t\t\t<div class=\"elementor-column elementor-col-33 elementor-top-column elementor-element elementor-element-0c288e2\" data-id=\"0c288e2\" data-element_type=\"column\">\n\t\t\t<div class=\"elementor-widget-wrap elementor-element-populated\">\n\t\t\t\t\t\t<div class=\"elementor-element elementor-element-a2469be elementor-widget elementor-widget-image\" data-id=\"a2469be\" data-element_type=\"widget\" data-widget_type=\"image.default\">\n\t\t\t\t<div class=\"elementor-widget-container\">\n\t\t\t\t\t\t\t\t\t\t\t\t\t\t\t<img loading=\"lazy\" decoding=\"async\" width=\"1024\" height=\"768\" src=\"https:\/\/immobilierami.com\/wp-content\/uploads\/2024\/01\/WhatsApp-Image-2024-01-06-at-10.47.22-2-1024x768.jpeg\" class=\"attachment-large size-large wp-image-2229\" alt=\"\" srcset=\"https:\/\/immobilierami.com\/wp-content\/uploads\/2024\/01\/WhatsApp-Image-2024-01-06-at-10.47.22-2-1024x768.jpeg 1024w, https:\/\/immobilierami.com\/wp-content\/uploads\/2024\/01\/WhatsApp-Image-2024-01-06-at-10.47.22-2-300x225.jpeg 300w, https:\/\/immobilierami.com\/wp-content\/uploads\/2024\/01\/WhatsApp-Image-2024-01-06-at-10.47.22-2-768x576.jpeg 768w, https:\/\/immobilierami.com\/wp-content\/uploads\/2024\/01\/WhatsApp-Image-2024-01-06-at-10.47.22-2-1536x1152.jpeg 1536w, https:\/\/immobilierami.com\/wp-content\/uploads\/2024\/01\/WhatsApp-Image-2024-01-06-at-10.47.22-2.jpeg 1600w\" sizes=\"(max-width: 1024px) 100vw, 1024px\" \/>\t\t\t\t\t\t\t\t\t\t\t\t\t\t\t<\/div>\n\t\t\t\t<\/div>\n\t\t\t\t\t<\/div>\n\t\t<\/div>\n\t\t\t\t<div class=\"elementor-column elementor-col-33 elementor-top-column elementor-element elementor-element-5aa363e\" data-id=\"5aa363e\" data-element_type=\"column\">\n\t\t\t<div class=\"elementor-widget-wrap elementor-element-populated\">\n\t\t\t\t\t\t<div class=\"elementor-element elementor-element-dd62d64 elementor-widget elementor-widget-image\" data-id=\"dd62d64\" data-element_type=\"widget\" data-widget_type=\"image.default\">\n\t\t\t\t<div class=\"elementor-widget-container\">\n\t\t\t\t\t\t\t\t\t\t\t\t\t\t\t<img loading=\"lazy\" decoding=\"async\" width=\"1024\" height=\"768\" src=\"https:\/\/immobilierami.com\/wp-content\/uploads\/2024\/01\/WhatsApp-Image-2024-01-06-at-10.47.23-1024x768.jpeg\" class=\"attachment-large size-large wp-image-2230\" alt=\"\" srcset=\"https:\/\/immobilierami.com\/wp-content\/uploads\/2024\/01\/WhatsApp-Image-2024-01-06-at-10.47.23-1024x768.jpeg 1024w, https:\/\/immobilierami.com\/wp-content\/uploads\/2024\/01\/WhatsApp-Image-2024-01-06-at-10.47.23-300x225.jpeg 300w, https:\/\/immobilierami.com\/wp-content\/uploads\/2024\/01\/WhatsApp-Image-2024-01-06-at-10.47.23-768x576.jpeg 768w, https:\/\/immobilierami.com\/wp-content\/uploads\/2024\/01\/WhatsApp-Image-2024-01-06-at-10.47.23-1536x1152.jpeg 1536w, https:\/\/immobilierami.com\/wp-content\/uploads\/2024\/01\/WhatsApp-Image-2024-01-06-at-10.47.23.jpeg 1600w\" sizes=\"(max-width: 1024px) 100vw, 1024px\" \/>\t\t\t\t\t\t\t\t\t\t\t\t\t\t\t<\/div>\n\t\t\t\t<\/div>\n\t\t\t\t\t<\/div>\n\t\t<\/div>\n\t\t\t\t<div class=\"elementor-column elementor-col-33 elementor-top-column elementor-element elementor-element-f79142e\" data-id=\"f79142e\" data-element_type=\"column\">\n\t\t\t<div class=\"elementor-widget-wrap elementor-element-populated\">\n\t\t\t\t\t\t<div class=\"elementor-element elementor-element-5a9934e elementor-widget elementor-widget-image\" data-id=\"5a9934e\" data-element_type=\"widget\" data-widget_type=\"image.default\">\n\t\t\t\t<div class=\"elementor-widget-container\">\n\t\t\t\t\t\t\t\t\t\t\t\t\t\t\t<img loading=\"lazy\" decoding=\"async\" width=\"1024\" height=\"768\" src=\"https:\/\/immobilierami.com\/wp-content\/uploads\/2024\/01\/WhatsApp-Image-2024-01-06-at-10.47.22-1-1024x768.jpeg\" class=\"attachment-large size-large wp-image-2231\" alt=\"\" srcset=\"https:\/\/immobilierami.com\/wp-content\/uploads\/2024\/01\/WhatsApp-Image-2024-01-06-at-10.47.22-1-1024x768.jpeg 1024w, https:\/\/immobilierami.com\/wp-content\/uploads\/2024\/01\/WhatsApp-Image-2024-01-06-at-10.47.22-1-300x225.jpeg 300w, https:\/\/immobilierami.com\/wp-content\/uploads\/2024\/01\/WhatsApp-Image-2024-01-06-at-10.47.22-1-768x576.jpeg 768w, https:\/\/immobilierami.com\/wp-content\/uploads\/2024\/01\/WhatsApp-Image-2024-01-06-at-10.47.22-1-1536x1152.jpeg 1536w, https:\/\/immobilierami.com\/wp-content\/uploads\/2024\/01\/WhatsApp-Image-2024-01-06-at-10.47.22-1.jpeg 1600w\" sizes=\"(max-width: 1024px) 100vw, 1024px\" \/>\t\t\t\t\t\t\t\t\t\t\t\t\t\t\t<\/div>\n\t\t\t\t<\/div>\n\t\t\t\t\t<\/div>\n\t\t<\/div>\n\t\t\t\t\t<\/div>\n\t\t<\/section>\n\t\t\t\t<section class=\"elementor-section elementor-top-section elementor-element elementor-element-d7db1ed elementor-section-boxed elementor-section-height-default elementor-section-height-default\" data-id=\"d7db1ed\" data-element_type=\"section\">\n\t\t\t\t\t\t<div class=\"elementor-container elementor-column-gap-default\">\n\t\t\t\t\t<div class=\"elementor-column elementor-col-100 elementor-top-column elementor-element elementor-element-7f5057e\" data-id=\"7f5057e\" data-element_type=\"column\">\n\t\t\t<div class=\"elementor-widget-wrap\">\n\t\t\t\t\t\t\t<\/div>\n\t\t<\/div>\n\t\t\t\t\t<\/div>\n\t\t<\/section>\n\t\t\t\t<section class=\"elementor-section elementor-top-section elementor-element elementor-element-79e22c5 elementor-section-boxed elementor-section-height-default elementor-section-height-default\" data-id=\"79e22c5\" data-element_type=\"section\">\n\t\t\t\t\t\t<div class=\"elementor-container elementor-column-gap-default\">\n\t\t\t\t\t<div class=\"elementor-column elementor-col-100 elementor-top-column elementor-element elementor-element-57fe0bf\" data-id=\"57fe0bf\" data-element_type=\"column\">\n\t\t\t<div class=\"elementor-widget-wrap elementor-element-populated\">\n\t\t\t\t\t\t<div class=\"elementor-element elementor-element-9a25ac0 elementor-widget elementor-widget-heading\" data-id=\"9a25ac0\" data-element_type=\"widget\" data-widget_type=\"heading.default\">\n\t\t\t\t<div class=\"elementor-widget-container\">\n\t\t\t\t\t<h3 class=\"elementor-heading-title elementor-size-default\">description<\/h3>\t\t\t\t<\/div>\n\t\t\t\t<\/div>\n\t\t\t\t<div class=\"elementor-element elementor-element-d06fac3 elementor-widget elementor-widget-text-editor\" data-id=\"d06fac3\" data-element_type=\"widget\" data-widget_type=\"text-editor.default\">\n\t\t\t\t<div class=\"elementor-widget-container\">\n\t\t\t\t\t\t\t\t\t<p>Apparemment ou 1\u00e8me \u00e9tage avec Coure Superficie du 114m pr\u00eat avenue mohamed 5 :<br \/><br \/>. Garage Sous-sol-11 m\u00e8tre\u00a0<br \/>. 2 Chambres Avec placard<\/p><p>balcon<br \/>. Salon<br \/>. Holle<br \/>. Cuisine<br \/>. 2 Douche + WC<br \/><br \/>Pour plus de renseignement Contactez votre agence immobili\u00e8re<\/p>\t\t\t\t\t\t\t\t<\/div>\n\t\t\t\t<\/div>\n\t\t\t\t\t<\/div>\n\t\t<\/div>\n\t\t\t\t\t<\/div>\n\t\t<\/section>\n\t\t\t\t<\/div>\n\t\t","protected":false},"excerpt":{"rendered":"<p>description Apparemment ou 1\u00e8me \u00e9tage avec Coure Superficie du 114m pr\u00eat avenue mohamed 5 : . Garage Sous-sol-11 m\u00e8tre\u00a0. 2 [&hellip;]<\/p>\n","protected":false},"author":1,"featured_media":0,"parent":0,"menu_order":0,"comment_status":"closed","ping_status":"closed","template":"","meta":{"site-sidebar-layout":"no-sidebar","site-content-layout":"page-builder","ast-site-content-layout":"","site-content-style":"default","site-sidebar-style":"default","ast-global-header-display":"","ast-banner-title-visibility":"","ast-main-header-display":"","ast-hfb-above-header-display":"","ast-hfb-below-header-display":"","ast-hfb-mobile-header-display":"","site-post-title":"disabled","ast-breadcrumbs-content":"","ast-featured-img":"disabled","footer-sml-layout":"","theme-transparent-header-meta":"","adv-header-id-meta":"","stick-header-meta":"","header-above-stick-meta":"","header-main-stick-meta":"","header-below-stick-meta":"","astra-migrate-meta-layouts":"default","ast-page-background-enabled":"default","ast-page-background-meta":{"desktop":{"background-color":"","background-image":"","background-repeat":"repeat","background-position":"center center","background-size":"auto","background-attachment":"scroll","background-type":"","background-media":"","overlay-type":"","overlay-color":"","overlay-gradient":""},"tablet":{"background-color":"","background-image":"","background-repeat":"repeat","background-position":"center center","background-size":"auto","background-attachment":"scroll","background-type":"","background-media":"","overlay-type":"","overlay-color":"","overlay-gradient":""},"mobile":{"background-color":"","background-image":"","background-repeat":"repeat","background-position":"center center","background-size":"auto","background-attachment":"scroll","background-type":"","background-media":"","overlay-type":"","overlay-color":"","overlay-gradient":""}},"ast-content-background-meta":{"desktop":{"background-color":"var(--ast-global-color-5)","background-image":"","background-repeat":"repeat","background-position":"center center","background-size":"auto","background-attachment":"scroll","background-type":"","background-media":"","overlay-type":"","overlay-color":"","overlay-gradient":""},"tablet":{"background-color":"var(--ast-global-color-5)","background-image":"","background-repeat":"repeat","background-position":"center center","background-size":"auto","background-attachment":"scroll","background-type":"","background-media":"","overlay-type":"","overlay-color":"","overlay-gradient":""},"mobile":{"background-color":"var(--ast-global-color-5)","background-image":"","background-repeat":"repeat","background-position":"center center","background-size":"auto","background-attachment":"scroll","background-type":"","background-media":"","overlay-type":"","overlay-color":"","overlay-gradient":""}},"_joinchat":[],"footnotes":""},"class_list":["post-2225","page","type-page","status-publish","hentry"],"_links":{"self":[{"href":"https:\/\/immobilierami.com\/index.php\/wp-json\/wp\/v2\/pages\/2225","targetHints":{"allow":["GET"]}}],"collection":[{"href":"https:\/\/immobilierami.com\/index.php\/wp-json\/wp\/v2\/pages"}],"about":[{"href":"https:\/\/immobilierami.com\/index.php\/wp-json\/wp\/v2\/types\/page"}],"author":[{"embeddable":true,"href":"https:\/\/immobilierami.com\/index.php\/wp-json\/wp\/v2\/users\/1"}],"replies":[{"embeddable":true,"href":"https:\/\/immobilierami.com\/index.php\/wp-json\/wp\/v2\/comments?post=2225"}],"version-history":[{"count":9,"href":"https:\/\/immobilierami.com\/index.php\/wp-json\/wp\/v2\/pages\/2225\/revisions"}],"predecessor-version":[{"id":2240,"href":"https:\/\/immobilierami.com\/index.php\/wp-json\/wp\/v2\/pages\/2225\/revisions\/2240"}],"wp:attachment":[{"href":"https:\/\/immobilierami.com\/index.php\/wp-json\/wp\/v2\/media?parent=2225"}],"curies":[{"name":"wp","href":"https:\/\/api.w.org\/{rel}","templated":true}]}}