{"id":1688,"date":"2023-10-01T23:03:12","date_gmt":"2023-10-01T21:03:12","guid":{"rendered":"https:\/\/immobilierami.com\/?page_id=1688"},"modified":"2023-10-01T23:06:17","modified_gmt":"2023-10-01T21:06:17","slug":"appt-77m","status":"publish","type":"page","link":"https:\/\/immobilierami.com\/index.php\/appt-77m\/","title":{"rendered":"appt 77m"},"content":{"rendered":"\t\t<div data-elementor-type=\"wp-page\" data-elementor-id=\"1688\" class=\"elementor elementor-1688\">\n\t\t\t\t\t\t<section class=\"elementor-section elementor-top-section elementor-element elementor-element-ba61786 elementor-section-boxed elementor-section-height-default elementor-section-height-default\" data-id=\"ba61786\" data-element_type=\"section\">\n\t\t\t\t\t\t<div class=\"elementor-container elementor-column-gap-default\">\n\t\t\t\t\t<div class=\"elementor-column elementor-col-100 elementor-top-column elementor-element elementor-element-b9333f2\" data-id=\"b9333f2\" data-element_type=\"column\">\n\t\t\t<div class=\"elementor-widget-wrap elementor-element-populated\">\n\t\t\t\t\t\t<div class=\"elementor-element elementor-element-51e85e8 elementor-widget elementor-widget-spacer\" data-id=\"51e85e8\" data-element_type=\"widget\" data-widget_type=\"spacer.default\">\n\t\t\t\t<div class=\"elementor-widget-container\">\n\t\t\t\t\t\t\t<div class=\"elementor-spacer\">\n\t\t\t<div class=\"elementor-spacer-inner\"><\/div>\n\t\t<\/div>\n\t\t\t\t\t\t<\/div>\n\t\t\t\t<\/div>\n\t\t\t\t\t<\/div>\n\t\t<\/div>\n\t\t\t\t\t<\/div>\n\t\t<\/section>\n\t\t\t\t<section class=\"elementor-section elementor-top-section elementor-element elementor-element-bf04044 elementor-section-boxed elementor-section-height-default elementor-section-height-default\" data-id=\"bf04044\" data-element_type=\"section\">\n\t\t\t\t\t\t<div class=\"elementor-container elementor-column-gap-default\">\n\t\t\t\t\t<div class=\"elementor-column elementor-col-100 elementor-top-column elementor-element elementor-element-6cfc3f4\" data-id=\"6cfc3f4\" data-element_type=\"column\">\n\t\t\t<div class=\"elementor-widget-wrap\">\n\t\t\t\t\t\t\t<\/div>\n\t\t<\/div>\n\t\t\t\t\t<\/div>\n\t\t<\/section>\n\t\t\t\t<section class=\"elementor-section elementor-top-section elementor-element elementor-element-9ab9ddf elementor-section-boxed elementor-section-height-default elementor-section-height-default\" data-id=\"9ab9ddf\" data-element_type=\"section\">\n\t\t\t\t\t\t<div class=\"elementor-container elementor-column-gap-default\">\n\t\t\t\t\t<div class=\"elementor-column elementor-col-33 elementor-top-column elementor-element elementor-element-c70a6a0\" data-id=\"c70a6a0\" data-element_type=\"column\">\n\t\t\t<div class=\"elementor-widget-wrap elementor-element-populated\">\n\t\t\t\t\t\t<div class=\"elementor-element elementor-element-c742734 elementor-widget elementor-widget-image\" data-id=\"c742734\" data-element_type=\"widget\" data-widget_type=\"image.default\">\n\t\t\t\t<div class=\"elementor-widget-container\">\n\t\t\t\t\t\t\t\t\t\t\t\t\t\t\t<img fetchpriority=\"high\" decoding=\"async\" width=\"576\" height=\"1024\" src=\"https:\/\/immobilierami.com\/wp-content\/uploads\/2023\/10\/WhatsApp-Image-2023-10-01-at-21.54.53-1-576x1024.jpeg\" class=\"attachment-large size-large wp-image-1690\" alt=\"\" srcset=\"https:\/\/immobilierami.com\/wp-content\/uploads\/2023\/10\/WhatsApp-Image-2023-10-01-at-21.54.53-1-576x1024.jpeg 576w, https:\/\/immobilierami.com\/wp-content\/uploads\/2023\/10\/WhatsApp-Image-2023-10-01-at-21.54.53-1-169x300.jpeg 169w, https:\/\/immobilierami.com\/wp-content\/uploads\/2023\/10\/WhatsApp-Image-2023-10-01-at-21.54.53-1.jpeg 720w\" sizes=\"(max-width: 576px) 100vw, 576px\" \/>\t\t\t\t\t\t\t\t\t\t\t\t\t\t\t<\/div>\n\t\t\t\t<\/div>\n\t\t\t\t\t<\/div>\n\t\t<\/div>\n\t\t\t\t<div class=\"elementor-column elementor-col-33 elementor-top-column elementor-element elementor-element-9ba68f1\" data-id=\"9ba68f1\" data-element_type=\"column\">\n\t\t\t<div class=\"elementor-widget-wrap elementor-element-populated\">\n\t\t\t\t\t\t<div class=\"elementor-element elementor-element-1310a09 elementor-widget elementor-widget-image\" data-id=\"1310a09\" data-element_type=\"widget\" data-widget_type=\"image.default\">\n\t\t\t\t<div class=\"elementor-widget-container\">\n\t\t\t\t\t\t\t\t\t\t\t\t\t\t\t<img decoding=\"async\" width=\"576\" height=\"1024\" src=\"https:\/\/immobilierami.com\/wp-content\/uploads\/2023\/10\/WhatsApp-Image-2023-10-01-at-21.54.53-576x1024.jpeg\" class=\"attachment-large size-large wp-image-1692\" alt=\"\" srcset=\"https:\/\/immobilierami.com\/wp-content\/uploads\/2023\/10\/WhatsApp-Image-2023-10-01-at-21.54.53-576x1024.jpeg 576w, https:\/\/immobilierami.com\/wp-content\/uploads\/2023\/10\/WhatsApp-Image-2023-10-01-at-21.54.53-169x300.jpeg 169w, https:\/\/immobilierami.com\/wp-content\/uploads\/2023\/10\/WhatsApp-Image-2023-10-01-at-21.54.53.jpeg 720w\" sizes=\"(max-width: 576px) 100vw, 576px\" \/>\t\t\t\t\t\t\t\t\t\t\t\t\t\t\t<\/div>\n\t\t\t\t<\/div>\n\t\t\t\t\t<\/div>\n\t\t<\/div>\n\t\t\t\t<div class=\"elementor-column elementor-col-33 elementor-top-column elementor-element elementor-element-a664cda\" data-id=\"a664cda\" data-element_type=\"column\">\n\t\t\t<div class=\"elementor-widget-wrap elementor-element-populated\">\n\t\t\t\t\t\t<div class=\"elementor-element elementor-element-4000bfc elementor-widget elementor-widget-image\" data-id=\"4000bfc\" data-element_type=\"widget\" data-widget_type=\"image.default\">\n\t\t\t\t<div class=\"elementor-widget-container\">\n\t\t\t\t\t\t\t\t\t\t\t\t\t\t\t<img decoding=\"async\" width=\"576\" height=\"1024\" src=\"https:\/\/immobilierami.com\/wp-content\/uploads\/2023\/10\/WhatsApp-Image-2023-10-01-at-21.54.53-2-576x1024.jpeg\" class=\"attachment-large size-large wp-image-1691\" alt=\"\" srcset=\"https:\/\/immobilierami.com\/wp-content\/uploads\/2023\/10\/WhatsApp-Image-2023-10-01-at-21.54.53-2-576x1024.jpeg 576w, https:\/\/immobilierami.com\/wp-content\/uploads\/2023\/10\/WhatsApp-Image-2023-10-01-at-21.54.53-2-169x300.jpeg 169w, https:\/\/immobilierami.com\/wp-content\/uploads\/2023\/10\/WhatsApp-Image-2023-10-01-at-21.54.53-2.jpeg 720w\" sizes=\"(max-width: 576px) 100vw, 576px\" \/>\t\t\t\t\t\t\t\t\t\t\t\t\t\t\t<\/div>\n\t\t\t\t<\/div>\n\t\t\t\t\t<\/div>\n\t\t<\/div>\n\t\t\t\t\t<\/div>\n\t\t<\/section>\n\t\t\t\t<section class=\"elementor-section elementor-top-section elementor-element elementor-element-8ddd08f elementor-section-boxed elementor-section-height-default elementor-section-height-default\" data-id=\"8ddd08f\" data-element_type=\"section\">\n\t\t\t\t\t\t<div class=\"elementor-container elementor-column-gap-default\">\n\t\t\t\t\t<div class=\"elementor-column elementor-col-33 elementor-top-column elementor-element elementor-element-9d573d4\" data-id=\"9d573d4\" data-element_type=\"column\">\n\t\t\t<div class=\"elementor-widget-wrap elementor-element-populated\">\n\t\t\t\t\t\t<div class=\"elementor-element elementor-element-0669882 elementor-widget elementor-widget-image\" data-id=\"0669882\" data-element_type=\"widget\" data-widget_type=\"image.default\">\n\t\t\t\t<div class=\"elementor-widget-container\">\n\t\t\t\t\t\t\t\t\t\t\t\t\t\t\t<img loading=\"lazy\" decoding=\"async\" width=\"576\" height=\"1024\" src=\"https:\/\/immobilierami.com\/wp-content\/uploads\/2023\/10\/WhatsApp-Image-2023-10-01-at-21.54.54-576x1024.jpeg\" class=\"attachment-large size-large wp-image-1695\" alt=\"\" srcset=\"https:\/\/immobilierami.com\/wp-content\/uploads\/2023\/10\/WhatsApp-Image-2023-10-01-at-21.54.54-576x1024.jpeg 576w, https:\/\/immobilierami.com\/wp-content\/uploads\/2023\/10\/WhatsApp-Image-2023-10-01-at-21.54.54-169x300.jpeg 169w, https:\/\/immobilierami.com\/wp-content\/uploads\/2023\/10\/WhatsApp-Image-2023-10-01-at-21.54.54.jpeg 720w\" sizes=\"(max-width: 576px) 100vw, 576px\" \/>\t\t\t\t\t\t\t\t\t\t\t\t\t\t\t<\/div>\n\t\t\t\t<\/div>\n\t\t\t\t\t<\/div>\n\t\t<\/div>\n\t\t\t\t<div class=\"elementor-column elementor-col-33 elementor-top-column elementor-element elementor-element-b0335c5\" data-id=\"b0335c5\" data-element_type=\"column\">\n\t\t\t<div class=\"elementor-widget-wrap elementor-element-populated\">\n\t\t\t\t\t\t<div class=\"elementor-element elementor-element-35e12b0 elementor-widget elementor-widget-image\" data-id=\"35e12b0\" data-element_type=\"widget\" data-widget_type=\"image.default\">\n\t\t\t\t<div class=\"elementor-widget-container\">\n\t\t\t\t\t\t\t\t\t\t\t\t\t\t\t<img loading=\"lazy\" decoding=\"async\" width=\"576\" height=\"1024\" src=\"https:\/\/immobilierami.com\/wp-content\/uploads\/2023\/10\/WhatsApp-Image-2023-10-01-at-21.54.54-1-576x1024.jpeg\" class=\"attachment-large size-large wp-image-1693\" alt=\"\" srcset=\"https:\/\/immobilierami.com\/wp-content\/uploads\/2023\/10\/WhatsApp-Image-2023-10-01-at-21.54.54-1-576x1024.jpeg 576w, https:\/\/immobilierami.com\/wp-content\/uploads\/2023\/10\/WhatsApp-Image-2023-10-01-at-21.54.54-1-169x300.jpeg 169w, https:\/\/immobilierami.com\/wp-content\/uploads\/2023\/10\/WhatsApp-Image-2023-10-01-at-21.54.54-1.jpeg 720w\" sizes=\"(max-width: 576px) 100vw, 576px\" \/>\t\t\t\t\t\t\t\t\t\t\t\t\t\t\t<\/div>\n\t\t\t\t<\/div>\n\t\t\t\t\t<\/div>\n\t\t<\/div>\n\t\t\t\t<div class=\"elementor-column elementor-col-33 elementor-top-column elementor-element elementor-element-23e97d4\" data-id=\"23e97d4\" data-element_type=\"column\">\n\t\t\t<div class=\"elementor-widget-wrap elementor-element-populated\">\n\t\t\t\t\t\t<div class=\"elementor-element elementor-element-d9cd0f9 elementor-widget elementor-widget-image\" data-id=\"d9cd0f9\" data-element_type=\"widget\" data-widget_type=\"image.default\">\n\t\t\t\t<div class=\"elementor-widget-container\">\n\t\t\t\t\t\t\t\t\t\t\t\t\t\t\t<img loading=\"lazy\" decoding=\"async\" width=\"576\" height=\"1024\" src=\"https:\/\/immobilierami.com\/wp-content\/uploads\/2023\/10\/WhatsApp-Image-2023-10-01-at-21.54.54-2-576x1024.jpeg\" class=\"attachment-large size-large wp-image-1694\" alt=\"\" srcset=\"https:\/\/immobilierami.com\/wp-content\/uploads\/2023\/10\/WhatsApp-Image-2023-10-01-at-21.54.54-2-576x1024.jpeg 576w, https:\/\/immobilierami.com\/wp-content\/uploads\/2023\/10\/WhatsApp-Image-2023-10-01-at-21.54.54-2-169x300.jpeg 169w, https:\/\/immobilierami.com\/wp-content\/uploads\/2023\/10\/WhatsApp-Image-2023-10-01-at-21.54.54-2.jpeg 720w\" sizes=\"(max-width: 576px) 100vw, 576px\" \/>\t\t\t\t\t\t\t\t\t\t\t\t\t\t\t<\/div>\n\t\t\t\t<\/div>\n\t\t\t\t\t<\/div>\n\t\t<\/div>\n\t\t\t\t\t<\/div>\n\t\t<\/section>\n\t\t\t\t<section class=\"elementor-section elementor-top-section elementor-element elementor-element-c43cb86 elementor-section-boxed elementor-section-height-default elementor-section-height-default\" data-id=\"c43cb86\" data-element_type=\"section\">\n\t\t\t\t\t\t<div class=\"elementor-container elementor-column-gap-default\">\n\t\t\t\t\t<div class=\"elementor-column elementor-col-100 elementor-top-column elementor-element elementor-element-72ee427\" data-id=\"72ee427\" data-element_type=\"column\">\n\t\t\t<div class=\"elementor-widget-wrap elementor-element-populated\">\n\t\t\t\t\t\t<div class=\"elementor-element elementor-element-c4661a5 elementor-widget-divider--view-line elementor-widget elementor-widget-divider\" data-id=\"c4661a5\" data-element_type=\"widget\" data-widget_type=\"divider.default\">\n\t\t\t\t<div class=\"elementor-widget-container\">\n\t\t\t\t\t\t\t<div class=\"elementor-divider\">\n\t\t\t<span class=\"elementor-divider-separator\">\n\t\t\t\t\t\t<\/span>\n\t\t<\/div>\n\t\t\t\t\t\t<\/div>\n\t\t\t\t<\/div>\n\t\t\t\t\t<\/div>\n\t\t<\/div>\n\t\t\t\t\t<\/div>\n\t\t<\/section>\n\t\t\t\t<section class=\"elementor-section elementor-top-section elementor-element elementor-element-1c5b809 elementor-section-boxed elementor-section-height-default elementor-section-height-default\" data-id=\"1c5b809\" data-element_type=\"section\">\n\t\t\t\t\t\t<div class=\"elementor-container elementor-column-gap-default\">\n\t\t\t\t\t<div class=\"elementor-column elementor-col-100 elementor-top-column elementor-element elementor-element-dc8b060\" data-id=\"dc8b060\" data-element_type=\"column\">\n\t\t\t<div class=\"elementor-widget-wrap elementor-element-populated\">\n\t\t\t\t\t\t<div class=\"elementor-element elementor-element-befc0d8 elementor-widget elementor-widget-heading\" data-id=\"befc0d8\" data-element_type=\"widget\" data-widget_type=\"heading.default\">\n\t\t\t\t<div class=\"elementor-widget-container\">\n\t\t\t\t\t<h3 class=\"elementor-heading-title elementor-size-default\">Discription<\/h3>\t\t\t\t<\/div>\n\t\t\t\t<\/div>\n\t\t\t\t<div class=\"elementor-element elementor-element-07ea6fe elementor-widget elementor-widget-text-editor\" data-id=\"07ea6fe\" data-element_type=\"widget\" data-widget_type=\"text-editor.default\">\n\t\t\t\t<div class=\"elementor-widget-container\">\n\t\t\t\t\t\t\t\t\t<p>Appartement a vendre\u00a0<\/p><p>en face mosqu\u00e9e immam malek\u00a0<\/p><p>3 pi\u00e8ces -sdb -s\u00e9jour<\/p><p>cuisine ouverte.<\/p><p>3eme \u00e9tage.\u00a0<\/p><p>0662 73 23 07\u00a0<\/p><p>\u00a0<\/p>\t\t\t\t\t\t\t\t<\/div>\n\t\t\t\t<\/div>\n\t\t\t\t\t<\/div>\n\t\t<\/div>\n\t\t\t\t\t<\/div>\n\t\t<\/section>\n\t\t\t\t<\/div>\n\t\t","protected":false},"excerpt":{"rendered":"<p>Discription Appartement a vendre\u00a0 en face mosqu\u00e9e immam malek\u00a0 3 pi\u00e8ces -sdb -s\u00e9jour cuisine ouverte. 3eme \u00e9tage.\u00a0 0662 73 23 [&hellip;]<\/p>\n","protected":false},"author":1,"featured_media":0,"parent":0,"menu_order":0,"comment_status":"closed","ping_status":"closed","template":"","meta":{"site-sidebar-layout":"no-sidebar","site-content-layout":"page-builder","ast-site-content-layout":"","site-content-style":"default","site-sidebar-style":"default","ast-global-header-display":"","ast-banner-title-visibility":"","ast-main-header-display":"","ast-hfb-above-header-display":"","ast-hfb-below-header-display":"","ast-hfb-mobile-header-display":"","site-post-title":"disabled","ast-breadcrumbs-content":"","ast-featured-img":"disabled","footer-sml-layout":"","theme-transparent-header-meta":"","adv-header-id-meta":"","stick-header-meta":"","header-above-stick-meta":"","header-main-stick-meta":"","header-below-stick-meta":"","astra-migrate-meta-layouts":"default","ast-page-background-enabled":"default","ast-page-background-meta":{"desktop":{"background-color":"","background-image":"","background-repeat":"repeat","background-position":"center center","background-size":"auto","background-attachment":"scroll","background-type":"","background-media":"","overlay-type":"","overlay-color":"","overlay-gradient":""},"tablet":{"background-color":"","background-image":"","background-repeat":"repeat","background-position":"center center","background-size":"auto","background-attachment":"scroll","background-type":"","background-media":"","overlay-type":"","overlay-color":"","overlay-gradient":""},"mobile":{"background-color":"","background-image":"","background-repeat":"repeat","background-position":"center center","background-size":"auto","background-attachment":"scroll","background-type":"","background-media":"","overlay-type":"","overlay-color":"","overlay-gradient":""}},"ast-content-background-meta":{"desktop":{"background-color":"var(--ast-global-color-5)","background-image":"","background-repeat":"repeat","background-position":"center center","background-size":"auto","background-attachment":"scroll","background-type":"","background-media":"","overlay-type":"","overlay-color":"","overlay-gradient":""},"tablet":{"background-color":"var(--ast-global-color-5)","background-image":"","background-repeat":"repeat","background-position":"center center","background-size":"auto","background-attachment":"scroll","background-type":"","background-media":"","overlay-type":"","overlay-color":"","overlay-gradient":""},"mobile":{"background-color":"var(--ast-global-color-5)","background-image":"","background-repeat":"repeat","background-position":"center center","background-size":"auto","background-attachment":"scroll","background-type":"","background-media":"","overlay-type":"","overlay-color":"","overlay-gradient":""}},"_joinchat":[],"footnotes":""},"class_list":["post-1688","page","type-page","status-publish","hentry"],"_links":{"self":[{"href":"https:\/\/immobilierami.com\/index.php\/wp-json\/wp\/v2\/pages\/1688","targetHints":{"allow":["GET"]}}],"collection":[{"href":"https:\/\/immobilierami.com\/index.php\/wp-json\/wp\/v2\/pages"}],"about":[{"href":"https:\/\/immobilierami.com\/index.php\/wp-json\/wp\/v2\/types\/page"}],"author":[{"embeddable":true,"href":"https:\/\/immobilierami.com\/index.php\/wp-json\/wp\/v2\/users\/1"}],"replies":[{"embeddable":true,"href":"https:\/\/immobilierami.com\/index.php\/wp-json\/wp\/v2\/comments?post=1688"}],"version-history":[{"count":4,"href":"https:\/\/immobilierami.com\/index.php\/wp-json\/wp\/v2\/pages\/1688\/revisions"}],"predecessor-version":[{"id":1698,"href":"https:\/\/immobilierami.com\/index.php\/wp-json\/wp\/v2\/pages\/1688\/revisions\/1698"}],"wp:attachment":[{"href":"https:\/\/immobilierami.com\/index.php\/wp-json\/wp\/v2\/media?parent=1688"}],"curies":[{"name":"wp","href":"https:\/\/api.w.org\/{rel}","templated":true}]}}