{"id":1518,"date":"2023-09-15T21:19:20","date_gmt":"2023-09-15T19:19:20","guid":{"rendered":"https:\/\/immobilierami.com\/?page_id=1518"},"modified":"2023-09-15T21:35:53","modified_gmt":"2023-09-15T19:35:53","slug":"villa-sidal-abed","status":"publish","type":"page","link":"https:\/\/immobilierami.com\/index.php\/villa-sidal-abed\/","title":{"rendered":"villa sidal abed"},"content":{"rendered":"\t\t<div data-elementor-type=\"wp-page\" data-elementor-id=\"1518\" class=\"elementor elementor-1518\">\n\t\t\t\t\t\t<section class=\"elementor-section elementor-top-section elementor-element elementor-element-3460230 elementor-section-boxed elementor-section-height-default elementor-section-height-default\" data-id=\"3460230\" data-element_type=\"section\">\n\t\t\t\t\t\t<div class=\"elementor-container elementor-column-gap-default\">\n\t\t\t\t\t<div class=\"elementor-column elementor-col-33 elementor-top-column elementor-element elementor-element-01b0acd\" data-id=\"01b0acd\" data-element_type=\"column\">\n\t\t\t<div class=\"elementor-widget-wrap elementor-element-populated\">\n\t\t\t\t\t\t<div class=\"elementor-element elementor-element-cc918fa elementor-widget elementor-widget-image\" data-id=\"cc918fa\" data-element_type=\"widget\" data-widget_type=\"image.default\">\n\t\t\t\t<div class=\"elementor-widget-container\">\n\t\t\t\t\t\t\t\t\t\t\t\t\t\t\t<img fetchpriority=\"high\" decoding=\"async\" width=\"1024\" height=\"770\" src=\"https:\/\/immobilierami.com\/wp-content\/uploads\/2023\/09\/WhatsApp-Image-2023-09-15-at-19.56.41-1024x770.jpeg\" class=\"attachment-large size-large wp-image-1523\" alt=\"villa sid al abed\" srcset=\"https:\/\/immobilierami.com\/wp-content\/uploads\/2023\/09\/WhatsApp-Image-2023-09-15-at-19.56.41-1024x770.jpeg 1024w, https:\/\/immobilierami.com\/wp-content\/uploads\/2023\/09\/WhatsApp-Image-2023-09-15-at-19.56.41-300x226.jpeg 300w, https:\/\/immobilierami.com\/wp-content\/uploads\/2023\/09\/WhatsApp-Image-2023-09-15-at-19.56.41-768x578.jpeg 768w, https:\/\/immobilierami.com\/wp-content\/uploads\/2023\/09\/WhatsApp-Image-2023-09-15-at-19.56.41.jpeg 1280w\" sizes=\"(max-width: 1024px) 100vw, 1024px\" \/>\t\t\t\t\t\t\t\t\t\t\t\t\t\t\t<\/div>\n\t\t\t\t<\/div>\n\t\t\t\t\t<\/div>\n\t\t<\/div>\n\t\t\t\t<div class=\"elementor-column elementor-col-33 elementor-top-column elementor-element elementor-element-4550786\" data-id=\"4550786\" data-element_type=\"column\">\n\t\t\t<div class=\"elementor-widget-wrap elementor-element-populated\">\n\t\t\t\t\t\t<div class=\"elementor-element elementor-element-da0bcc5 elementor-widget elementor-widget-image\" data-id=\"da0bcc5\" data-element_type=\"widget\" data-widget_type=\"image.default\">\n\t\t\t\t<div class=\"elementor-widget-container\">\n\t\t\t\t\t\t\t\t\t\t\t\t\t\t\t<img decoding=\"async\" width=\"1024\" height=\"768\" src=\"https:\/\/immobilierami.com\/wp-content\/uploads\/2023\/09\/WhatsApp-Image-2023-09-15-at-19.56.42-1-1024x768.jpeg\" class=\"attachment-large size-large wp-image-1524\" alt=\"\" srcset=\"https:\/\/immobilierami.com\/wp-content\/uploads\/2023\/09\/WhatsApp-Image-2023-09-15-at-19.56.42-1-1024x768.jpeg 1024w, https:\/\/immobilierami.com\/wp-content\/uploads\/2023\/09\/WhatsApp-Image-2023-09-15-at-19.56.42-1-300x225.jpeg 300w, https:\/\/immobilierami.com\/wp-content\/uploads\/2023\/09\/WhatsApp-Image-2023-09-15-at-19.56.42-1-768x576.jpeg 768w, https:\/\/immobilierami.com\/wp-content\/uploads\/2023\/09\/WhatsApp-Image-2023-09-15-at-19.56.42-1.jpeg 1280w\" sizes=\"(max-width: 1024px) 100vw, 1024px\" \/>\t\t\t\t\t\t\t\t\t\t\t\t\t\t\t<\/div>\n\t\t\t\t<\/div>\n\t\t\t\t\t<\/div>\n\t\t<\/div>\n\t\t\t\t<div class=\"elementor-column elementor-col-33 elementor-top-column elementor-element elementor-element-0545676\" data-id=\"0545676\" data-element_type=\"column\">\n\t\t\t<div class=\"elementor-widget-wrap elementor-element-populated\">\n\t\t\t\t\t\t<div class=\"elementor-element elementor-element-a5273d3 elementor-widget elementor-widget-image\" data-id=\"a5273d3\" data-element_type=\"widget\" data-widget_type=\"image.default\">\n\t\t\t\t<div class=\"elementor-widget-container\">\n\t\t\t\t\t\t\t\t\t\t\t\t\t\t\t<img decoding=\"async\" width=\"1024\" height=\"770\" src=\"https:\/\/immobilierami.com\/wp-content\/uploads\/2023\/09\/WhatsApp-Image-2023-09-15-at-19.56.42-1024x770.jpeg\" class=\"attachment-large size-large wp-image-1525\" alt=\"\" srcset=\"https:\/\/immobilierami.com\/wp-content\/uploads\/2023\/09\/WhatsApp-Image-2023-09-15-at-19.56.42-1024x770.jpeg 1024w, https:\/\/immobilierami.com\/wp-content\/uploads\/2023\/09\/WhatsApp-Image-2023-09-15-at-19.56.42-300x226.jpeg 300w, https:\/\/immobilierami.com\/wp-content\/uploads\/2023\/09\/WhatsApp-Image-2023-09-15-at-19.56.42-768x578.jpeg 768w, https:\/\/immobilierami.com\/wp-content\/uploads\/2023\/09\/WhatsApp-Image-2023-09-15-at-19.56.42.jpeg 1280w\" sizes=\"(max-width: 1024px) 100vw, 1024px\" \/>\t\t\t\t\t\t\t\t\t\t\t\t\t\t\t<\/div>\n\t\t\t\t<\/div>\n\t\t\t\t\t<\/div>\n\t\t<\/div>\n\t\t\t\t\t<\/div>\n\t\t<\/section>\n\t\t\t\t<section class=\"elementor-section elementor-top-section elementor-element elementor-element-1bc8255 elementor-section-boxed elementor-section-height-default elementor-section-height-default\" data-id=\"1bc8255\" data-element_type=\"section\">\n\t\t\t\t\t\t<div class=\"elementor-container elementor-column-gap-default\">\n\t\t\t\t\t<div class=\"elementor-column elementor-col-33 elementor-top-column elementor-element elementor-element-1f784c2\" data-id=\"1f784c2\" data-element_type=\"column\">\n\t\t\t<div class=\"elementor-widget-wrap elementor-element-populated\">\n\t\t\t\t\t\t<div class=\"elementor-element elementor-element-0d9d861 elementor-widget elementor-widget-image\" data-id=\"0d9d861\" data-element_type=\"widget\" data-widget_type=\"image.default\">\n\t\t\t\t<div class=\"elementor-widget-container\">\n\t\t\t\t\t\t\t\t\t\t\t\t\t\t\t<img loading=\"lazy\" decoding=\"async\" width=\"768\" height=\"1024\" src=\"https:\/\/immobilierami.com\/wp-content\/uploads\/2023\/09\/WhatsApp-Image-2023-09-15-at-19.56.43-1-768x1024.jpeg\" class=\"attachment-large size-large wp-image-1526\" alt=\"\" srcset=\"https:\/\/immobilierami.com\/wp-content\/uploads\/2023\/09\/WhatsApp-Image-2023-09-15-at-19.56.43-1-768x1024.jpeg 768w, https:\/\/immobilierami.com\/wp-content\/uploads\/2023\/09\/WhatsApp-Image-2023-09-15-at-19.56.43-1-225x300.jpeg 225w, https:\/\/immobilierami.com\/wp-content\/uploads\/2023\/09\/WhatsApp-Image-2023-09-15-at-19.56.43-1.jpeg 960w\" sizes=\"(max-width: 768px) 100vw, 768px\" \/>\t\t\t\t\t\t\t\t\t\t\t\t\t\t\t<\/div>\n\t\t\t\t<\/div>\n\t\t\t\t\t<\/div>\n\t\t<\/div>\n\t\t\t\t<div class=\"elementor-column elementor-col-33 elementor-top-column elementor-element elementor-element-9e59e11\" data-id=\"9e59e11\" data-element_type=\"column\">\n\t\t\t<div class=\"elementor-widget-wrap elementor-element-populated\">\n\t\t\t\t\t\t<div class=\"elementor-element elementor-element-83292e2 elementor-widget elementor-widget-image\" data-id=\"83292e2\" data-element_type=\"widget\" data-widget_type=\"image.default\">\n\t\t\t\t<div class=\"elementor-widget-container\">\n\t\t\t\t\t\t\t\t\t\t\t\t\t\t\t<img loading=\"lazy\" decoding=\"async\" width=\"770\" height=\"1024\" src=\"https:\/\/immobilierami.com\/wp-content\/uploads\/2023\/09\/WhatsApp-Image-2023-09-15-at-19.56.43-2-770x1024.jpeg\" class=\"attachment-large size-large wp-image-1528\" alt=\"\" srcset=\"https:\/\/immobilierami.com\/wp-content\/uploads\/2023\/09\/WhatsApp-Image-2023-09-15-at-19.56.43-2-770x1024.jpeg 770w, https:\/\/immobilierami.com\/wp-content\/uploads\/2023\/09\/WhatsApp-Image-2023-09-15-at-19.56.43-2-226x300.jpeg 226w, https:\/\/immobilierami.com\/wp-content\/uploads\/2023\/09\/WhatsApp-Image-2023-09-15-at-19.56.43-2-768x1021.jpeg 768w, https:\/\/immobilierami.com\/wp-content\/uploads\/2023\/09\/WhatsApp-Image-2023-09-15-at-19.56.43-2.jpeg 963w\" sizes=\"(max-width: 770px) 100vw, 770px\" \/>\t\t\t\t\t\t\t\t\t\t\t\t\t\t\t<\/div>\n\t\t\t\t<\/div>\n\t\t\t\t\t<\/div>\n\t\t<\/div>\n\t\t\t\t<div class=\"elementor-column elementor-col-33 elementor-top-column elementor-element elementor-element-77326ed\" data-id=\"77326ed\" data-element_type=\"column\">\n\t\t\t<div class=\"elementor-widget-wrap elementor-element-populated\">\n\t\t\t\t\t\t<div class=\"elementor-element elementor-element-07f861e elementor-widget elementor-widget-image\" data-id=\"07f861e\" data-element_type=\"widget\" data-widget_type=\"image.default\">\n\t\t\t\t<div class=\"elementor-widget-container\">\n\t\t\t\t\t\t\t\t\t\t\t\t\t\t\t<img loading=\"lazy\" decoding=\"async\" width=\"770\" height=\"1024\" src=\"https:\/\/immobilierami.com\/wp-content\/uploads\/2023\/09\/WhatsApp-Image-2023-09-15-at-19.56.43-3-770x1024.jpeg\" class=\"attachment-large size-large wp-image-1529\" alt=\"\" srcset=\"https:\/\/immobilierami.com\/wp-content\/uploads\/2023\/09\/WhatsApp-Image-2023-09-15-at-19.56.43-3-770x1024.jpeg 770w, https:\/\/immobilierami.com\/wp-content\/uploads\/2023\/09\/WhatsApp-Image-2023-09-15-at-19.56.43-3-226x300.jpeg 226w, https:\/\/immobilierami.com\/wp-content\/uploads\/2023\/09\/WhatsApp-Image-2023-09-15-at-19.56.43-3-768x1021.jpeg 768w, https:\/\/immobilierami.com\/wp-content\/uploads\/2023\/09\/WhatsApp-Image-2023-09-15-at-19.56.43-3.jpeg 963w\" sizes=\"(max-width: 770px) 100vw, 770px\" \/>\t\t\t\t\t\t\t\t\t\t\t\t\t\t\t<\/div>\n\t\t\t\t<\/div>\n\t\t\t\t\t<\/div>\n\t\t<\/div>\n\t\t\t\t\t<\/div>\n\t\t<\/section>\n\t\t\t\t<section class=\"elementor-section elementor-top-section elementor-element elementor-element-51c73ab elementor-section-boxed elementor-section-height-default elementor-section-height-default\" data-id=\"51c73ab\" data-element_type=\"section\">\n\t\t\t\t\t\t<div class=\"elementor-container elementor-column-gap-default\">\n\t\t\t\t\t<div class=\"elementor-column elementor-col-33 elementor-top-column elementor-element elementor-element-d9a2ff0\" data-id=\"d9a2ff0\" data-element_type=\"column\">\n\t\t\t<div class=\"elementor-widget-wrap elementor-element-populated\">\n\t\t\t\t\t\t<div class=\"elementor-element elementor-element-522805b elementor-widget elementor-widget-image\" data-id=\"522805b\" data-element_type=\"widget\" data-widget_type=\"image.default\">\n\t\t\t\t<div class=\"elementor-widget-container\">\n\t\t\t\t\t\t\t\t\t\t\t\t\t\t\t<img loading=\"lazy\" decoding=\"async\" width=\"770\" height=\"1024\" src=\"https:\/\/immobilierami.com\/wp-content\/uploads\/2023\/09\/WhatsApp-Image-2023-09-15-at-19.56.44-1-770x1024.jpeg\" class=\"attachment-large size-large wp-image-1531\" alt=\"\" srcset=\"https:\/\/immobilierami.com\/wp-content\/uploads\/2023\/09\/WhatsApp-Image-2023-09-15-at-19.56.44-1-770x1024.jpeg 770w, https:\/\/immobilierami.com\/wp-content\/uploads\/2023\/09\/WhatsApp-Image-2023-09-15-at-19.56.44-1-226x300.jpeg 226w, https:\/\/immobilierami.com\/wp-content\/uploads\/2023\/09\/WhatsApp-Image-2023-09-15-at-19.56.44-1-768x1021.jpeg 768w, https:\/\/immobilierami.com\/wp-content\/uploads\/2023\/09\/WhatsApp-Image-2023-09-15-at-19.56.44-1.jpeg 963w\" sizes=\"(max-width: 770px) 100vw, 770px\" \/>\t\t\t\t\t\t\t\t\t\t\t\t\t\t\t<\/div>\n\t\t\t\t<\/div>\n\t\t\t\t\t<\/div>\n\t\t<\/div>\n\t\t\t\t<div class=\"elementor-column elementor-col-33 elementor-top-column elementor-element elementor-element-0982110\" data-id=\"0982110\" data-element_type=\"column\">\n\t\t\t<div class=\"elementor-widget-wrap elementor-element-populated\">\n\t\t\t\t\t\t<div class=\"elementor-element elementor-element-32d988d elementor-widget elementor-widget-image\" data-id=\"32d988d\" data-element_type=\"widget\" data-widget_type=\"image.default\">\n\t\t\t\t<div class=\"elementor-widget-container\">\n\t\t\t\t\t\t\t\t\t\t\t\t\t\t\t<img loading=\"lazy\" decoding=\"async\" width=\"770\" height=\"1024\" src=\"https:\/\/immobilierami.com\/wp-content\/uploads\/2023\/09\/WhatsApp-Image-2023-09-15-at-19.56.44-2-770x1024.jpeg\" class=\"attachment-large size-large wp-image-1532\" alt=\"\" srcset=\"https:\/\/immobilierami.com\/wp-content\/uploads\/2023\/09\/WhatsApp-Image-2023-09-15-at-19.56.44-2-770x1024.jpeg 770w, https:\/\/immobilierami.com\/wp-content\/uploads\/2023\/09\/WhatsApp-Image-2023-09-15-at-19.56.44-2-226x300.jpeg 226w, https:\/\/immobilierami.com\/wp-content\/uploads\/2023\/09\/WhatsApp-Image-2023-09-15-at-19.56.44-2-768x1021.jpeg 768w, https:\/\/immobilierami.com\/wp-content\/uploads\/2023\/09\/WhatsApp-Image-2023-09-15-at-19.56.44-2.jpeg 963w\" sizes=\"(max-width: 770px) 100vw, 770px\" \/>\t\t\t\t\t\t\t\t\t\t\t\t\t\t\t<\/div>\n\t\t\t\t<\/div>\n\t\t\t\t\t<\/div>\n\t\t<\/div>\n\t\t\t\t<div class=\"elementor-column elementor-col-33 elementor-top-column elementor-element elementor-element-9536775\" data-id=\"9536775\" data-element_type=\"column\">\n\t\t\t<div class=\"elementor-widget-wrap elementor-element-populated\">\n\t\t\t\t\t\t<div class=\"elementor-element elementor-element-27b3370 elementor-widget elementor-widget-image\" data-id=\"27b3370\" data-element_type=\"widget\" data-widget_type=\"image.default\">\n\t\t\t\t<div class=\"elementor-widget-container\">\n\t\t\t\t\t\t\t\t\t\t\t\t\t\t\t<img loading=\"lazy\" decoding=\"async\" width=\"770\" height=\"1024\" src=\"https:\/\/immobilierami.com\/wp-content\/uploads\/2023\/09\/WhatsApp-Image-2023-09-15-at-19.56.45-770x1024.jpeg\" class=\"attachment-large size-large wp-image-1534\" alt=\"\" srcset=\"https:\/\/immobilierami.com\/wp-content\/uploads\/2023\/09\/WhatsApp-Image-2023-09-15-at-19.56.45-770x1024.jpeg 770w, https:\/\/immobilierami.com\/wp-content\/uploads\/2023\/09\/WhatsApp-Image-2023-09-15-at-19.56.45-226x300.jpeg 226w, https:\/\/immobilierami.com\/wp-content\/uploads\/2023\/09\/WhatsApp-Image-2023-09-15-at-19.56.45-768x1021.jpeg 768w, https:\/\/immobilierami.com\/wp-content\/uploads\/2023\/09\/WhatsApp-Image-2023-09-15-at-19.56.45.jpeg 963w\" sizes=\"(max-width: 770px) 100vw, 770px\" \/>\t\t\t\t\t\t\t\t\t\t\t\t\t\t\t<\/div>\n\t\t\t\t<\/div>\n\t\t\t\t\t<\/div>\n\t\t<\/div>\n\t\t\t\t\t<\/div>\n\t\t<\/section>\n\t\t\t\t<section class=\"elementor-section elementor-top-section elementor-element elementor-element-5dd015f elementor-section-boxed elementor-section-height-default elementor-section-height-default\" data-id=\"5dd015f\" data-element_type=\"section\">\n\t\t\t\t\t\t<div class=\"elementor-container elementor-column-gap-default\">\n\t\t\t\t\t<div class=\"elementor-column elementor-col-100 elementor-top-column elementor-element elementor-element-6d9820f\" data-id=\"6d9820f\" data-element_type=\"column\">\n\t\t\t<div class=\"elementor-widget-wrap elementor-element-populated\">\n\t\t\t\t\t\t<div class=\"elementor-element elementor-element-fe75561 elementor-widget-divider--view-line elementor-widget elementor-widget-divider\" data-id=\"fe75561\" data-element_type=\"widget\" data-widget_type=\"divider.default\">\n\t\t\t\t<div class=\"elementor-widget-container\">\n\t\t\t\t\t\t\t<div class=\"elementor-divider\">\n\t\t\t<span class=\"elementor-divider-separator\">\n\t\t\t\t\t\t<\/span>\n\t\t<\/div>\n\t\t\t\t\t\t<\/div>\n\t\t\t\t<\/div>\n\t\t\t\t\t<\/div>\n\t\t<\/div>\n\t\t\t\t\t<\/div>\n\t\t<\/section>\n\t\t\t\t<section class=\"elementor-section elementor-top-section elementor-element elementor-element-bcd759b elementor-section-boxed elementor-section-height-default elementor-section-height-default\" data-id=\"bcd759b\" data-element_type=\"section\">\n\t\t\t\t\t\t<div class=\"elementor-container elementor-column-gap-default\">\n\t\t\t\t\t<div class=\"elementor-column elementor-col-100 elementor-top-column elementor-element elementor-element-578f9a2\" data-id=\"578f9a2\" data-element_type=\"column\">\n\t\t\t<div class=\"elementor-widget-wrap elementor-element-populated\">\n\t\t\t\t\t\t<div class=\"elementor-element elementor-element-6bc24ba elementor-widget elementor-widget-heading\" data-id=\"6bc24ba\" data-element_type=\"widget\" data-widget_type=\"heading.default\">\n\t\t\t\t<div class=\"elementor-widget-container\">\n\t\t\t\t\t<h3 class=\"elementor-heading-title elementor-size-default\">description<\/h3>\t\t\t\t<\/div>\n\t\t\t\t<\/div>\n\t\t\t\t<div class=\"elementor-element elementor-element-62e78e0 elementor-widget elementor-widget-text-editor\" data-id=\"62e78e0\" data-element_type=\"widget\" data-widget_type=\"text-editor.default\">\n\t\t\t\t<div class=\"elementor-widget-container\">\n\t\t\t\t\t\t\t\t\t<p>Villa \u00e0 vendre \u00e0 Sayed El Abed, 340 m\u00b2, 450 m\u00b2 construits, jardin de 200 m\u00b2, piscine, 3 niveaux, vue sur la mer, meubl\u00e9e italienne, \u00e9nergie solaire, puits, cam\u00e9ras de s\u00e9curit\u00e9<\/p><p>la vue sur la mer , Al-Harhoura,, ainsi que sur\u00a0 la plage\u00a0 des princesses<\/p>\t\t\t\t\t\t\t\t<\/div>\n\t\t\t\t<\/div>\n\t\t\t\t\t<\/div>\n\t\t<\/div>\n\t\t\t\t\t<\/div>\n\t\t<\/section>\n\t\t\t\t<\/div>\n\t\t","protected":false},"excerpt":{"rendered":"<p>description Villa \u00e0 vendre \u00e0 Sayed El Abed, 340 m\u00b2, 450 m\u00b2 construits, jardin de 200 m\u00b2, piscine, 3 niveaux, [&hellip;]<\/p>\n","protected":false},"author":1,"featured_media":0,"parent":0,"menu_order":0,"comment_status":"closed","ping_status":"closed","template":"","meta":{"site-sidebar-layout":"no-sidebar","site-content-layout":"page-builder","ast-site-content-layout":"","site-content-style":"default","site-sidebar-style":"default","ast-global-header-display":"","ast-banner-title-visibility":"","ast-main-header-display":"","ast-hfb-above-header-display":"","ast-hfb-below-header-display":"","ast-hfb-mobile-header-display":"","site-post-title":"disabled","ast-breadcrumbs-content":"","ast-featured-img":"disabled","footer-sml-layout":"","theme-transparent-header-meta":"","adv-header-id-meta":"","stick-header-meta":"","header-above-stick-meta":"","header-main-stick-meta":"","header-below-stick-meta":"","astra-migrate-meta-layouts":"default","ast-page-background-enabled":"default","ast-page-background-meta":{"desktop":{"background-color":"","background-image":"","background-repeat":"repeat","background-position":"center center","background-size":"auto","background-attachment":"scroll","background-type":"","background-media":"","overlay-type":"","overlay-color":"","overlay-gradient":""},"tablet":{"background-color":"","background-image":"","background-repeat":"repeat","background-position":"center center","background-size":"auto","background-attachment":"scroll","background-type":"","background-media":"","overlay-type":"","overlay-color":"","overlay-gradient":""},"mobile":{"background-color":"","background-image":"","background-repeat":"repeat","background-position":"center center","background-size":"auto","background-attachment":"scroll","background-type":"","background-media":"","overlay-type":"","overlay-color":"","overlay-gradient":""}},"ast-content-background-meta":{"desktop":{"background-color":"var(--ast-global-color-5)","background-image":"","background-repeat":"repeat","background-position":"center center","background-size":"auto","background-attachment":"scroll","background-type":"","background-media":"","overlay-type":"","overlay-color":"","overlay-gradient":""},"tablet":{"background-color":"var(--ast-global-color-5)","background-image":"","background-repeat":"repeat","background-position":"center center","background-size":"auto","background-attachment":"scroll","background-type":"","background-media":"","overlay-type":"","overlay-color":"","overlay-gradient":""},"mobile":{"background-color":"var(--ast-global-color-5)","background-image":"","background-repeat":"repeat","background-position":"center center","background-size":"auto","background-attachment":"scroll","background-type":"","background-media":"","overlay-type":"","overlay-color":"","overlay-gradient":""}},"_joinchat":[],"footnotes":""},"class_list":["post-1518","page","type-page","status-publish","hentry"],"_links":{"self":[{"href":"https:\/\/immobilierami.com\/index.php\/wp-json\/wp\/v2\/pages\/1518","targetHints":{"allow":["GET"]}}],"collection":[{"href":"https:\/\/immobilierami.com\/index.php\/wp-json\/wp\/v2\/pages"}],"about":[{"href":"https:\/\/immobilierami.com\/index.php\/wp-json\/wp\/v2\/types\/page"}],"author":[{"embeddable":true,"href":"https:\/\/immobilierami.com\/index.php\/wp-json\/wp\/v2\/users\/1"}],"replies":[{"embeddable":true,"href":"https:\/\/immobilierami.com\/index.php\/wp-json\/wp\/v2\/comments?post=1518"}],"version-history":[{"count":7,"href":"https:\/\/immobilierami.com\/index.php\/wp-json\/wp\/v2\/pages\/1518\/revisions"}],"predecessor-version":[{"id":1537,"href":"https:\/\/immobilierami.com\/index.php\/wp-json\/wp\/v2\/pages\/1518\/revisions\/1537"}],"wp:attachment":[{"href":"https:\/\/immobilierami.com\/index.php\/wp-json\/wp\/v2\/media?parent=1518"}],"curies":[{"name":"wp","href":"https:\/\/api.w.org\/{rel}","templated":true}]}}